actor of 52110 and 18630.
270
What is the greatest common factor of 15224 and 1298?
22
What is the highest common divisor of 132813 and 54?
27
What is the greatest common factor of 9 and 74580?
3
What is the highest common divisor of 1495665 and 1215?
1215
Calculate the greatest common divisor of 14883 and 615.
123
What is the greatest common factor of 188 and 6862?
94
Calculate the greatest common divisor of 8802 and 594.
54
What is the greatest common factor of 3756 and 2037004?
1252
What is the highest common factor of 28 and 4748?
4
Calculate the greatest common factor of 5870 and 45.
5
What is the highest common divisor of 52 and 13169?
13
What is the highest common divisor of 20368 and 560?
16
Calculate the highest common factor of 875 and 6625.
125
Calculate the greatest common divisor of 231895 and 76.
19
Calculate the greatest common divisor of 60860 and 8020.
20
Calculate the highest common factor of 8569 and 66.
11
Calculate the highest common divisor of 17 and 97.
1
Calculate the greatest common factor of 445 and 1210.
5
What is the greatest common factor of 819 and 77259?
273
What is the greatest common factor of 13359 and 38491?
61
What is the highest common factor of 15 and 229065?
15
What is the greatest common divisor of 27912 and 28?
4
Calculate the highest common factor of 53112 and 1416.
24
What is the greatest common factor of 4596 and 60?
12
Calculate the greatest common divisor of 5364 and 288.
36
Calculate the greatest common divisor of 401 and 633179.
401
Calculate the greatest common factor of 121094 and 382.
382
What is the highest common divisor of 7064 and 1134655?
883
What is the highest common divisor of 7656 and 64152?
264
Calculate the highest common factor of 2724 and 12.
12
Calculate the greatest common factor of 115 and 1330.
5
Calculate the greatest common divisor of 76 and 1316.
4
Calculate the greatest common divisor of 202 and 1298860.
202
Calculate the highest common divisor of 291615 and 45.
15
Calculate the highest common divisor of 586 and 278.
2
What is the greatest common divisor of 981 and 36?
9
Calculate the highest common factor of 4169 and 121.
11
What is the highest common factor of 945126 and 3402?
126
What is the greatest common divisor of 11540 and 140?
20
What is the highest common divisor of 28 and 94150?
14
Calculate the highest common divisor of 27652 and 310.
62
What is the highest common factor of 80 and 98290?
10
What is the greatest common divisor of 6951 and 84?
21
What is the highest common divisor of 203881 and 289?
17
Calculate the highest common factor of 11976 and 1272.
24
What is the highest common factor of 2502 and 10842?
834
Calculate the highest common factor of 5 and 1796765.
5
What is the greatest common factor of 714 and 88746?
42
Calculate the highest common factor of 12894 and 35.
7
What is the greatest common factor of 5427 and 18306?
81
What is the greatest common divisor of 34476 and 7332?
156
What is the highest common factor of 423528 and 252?
84
Calculate the highest common factor of 1411 and 2533.
17
What is the greatest common factor of 13317 and 276?
69
What is the greatest common divisor of 14 and 21119?
7
What is the greatest common divisor of 1148420 and 140?
140
Calculate the highest common factor of 36 and 2502.
18
What is the highest common divisor of 2541045 and 3735?
1245
What is the greatest common divisor of 46 and 141611?
23
Calculate the highest common factor of 629 and 66193.
37
Calculate the greatest common divisor of 4278 and 2208.
138
Calculate the greatest common divisor of 132 and 234608.
44
What is the greatest common divisor of 1286 and 406?
2
What is the highest common divisor of 469765 and 235?
235
What is the highest common divisor of 10855 and 143?
13
What is the greatest common factor of 304024 and 445?
89
What is the greatest common factor of 41010 and 60?
30
What is the greatest common divisor of 3 and 438575?
1
Calculate the highest common factor of 421165 and 10288.
643
Calculate the greatest common divisor of 1051492 and 286.
26
What is the highest common divisor of 15 and 71730?
15
What is the highest common factor of 285 and 4790508?
57
Calculate the greatest common divisor of 233 and 240689.
233
What is the greatest common factor of 3213 and 84?
21
What is the highest common divisor of 49187 and 808?
101
Calculate the greatest common divisor of 89872 and 82.
82
Calculate the greatest common divisor of 44 and 156266.
22
What is the greatest common factor of 22 and 4006662?
22
What is the highest common factor of 37333 and 7067?
37
What is the greatest common factor of 4842 and 69?
3
Calculate the highest common divisor of 560 and 46460.
20
What is the highest common factor of 31290 and 8610?
210
What is the highest common divisor of 430686 and 1278?
1278
What is the greatest common factor of 1147 and 3922?
37
Calculate the highest common divisor of 22660 and 824.
412
What is the highest common divisor of 1380 and 116?
4
What is the greatest common factor of 297 and 101013?
33
What is the highest common divisor of 158624 and 32?
32
What is the highest common divisor of 643942 and 26?
26
What is the greatest common divisor of 336 and 31899?
21
What is the greatest common factor of 2870 and 29110?
410
What is the greatest common factor of 180744 and 1326?
102
Calculate the greatest common factor of 320 and 237810.
10
What is the greatest common divisor of 1072 and 17822?
134
Calculate the highest common divisor of 45994 and 556686.
1586
What is the greatest common factor of 11 and 5010698?
11
Calculate the highest common factor of 17940 and 270660.
780
What is the highest common divisor of 307436 and 33594?
1018
What is the highest common factor of 9 and 33921?
9
Calculate the greatest common divisor of 204 and 137139.
51
Calculate the highest common factor of 2714 and 91037.
59
What is the greatest common divisor of 1457 and 11609?
47
What is the greatest common factor of 20597 and 129?
43
What is the highest common divisor of 775 and 81220?
155
What is the highest common divisor of 8881 and 4150?
83
Calculate the greatest common factor of 179200 and 3480.
40
Calculate the highest common divisor of 687069 and 36.
9
Calculate the greatest common factor of 115159 and 1672.
209
What is the greatest common factor of 2013 and 100101?
183
Calculate the greatest common divisor of 33129 and 108.
27
Calculate the highest common divisor of 41942 and 6886.
626
What is the greatest common factor of 1298 and 13277?
11
What is the highest common factor of 282 and 16728?
6
Calculate the highest common divisor of 32828 and 4408.
116
Calculate the greatest common divisor of 268 and 1534.
2
Calculate the highest common divisor of 81561 and 4371.
93
What is the highest common divisor of 17937 and 36?
9
What is the greatest common factor of 7840926 and 1272?
318
What is the greatest common factor of 56 and 271688?
8
What is the greatest common factor of 4317725 and 25?
25
What is the greatest common divisor of 240 and 27870?
30
What is the highest common divisor of 102522 and 252?
42
Calculate the highest common factor of 3645 and 15.
15
What is the greatest common factor of 2484 and 126960?
276
What is the highest common factor of 44 and 434731?
11
What is the greatest common factor of 38135 and 145?
145
What is the highest common factor of 364 and 640304?
28
Calculate the greatest common divisor of 614757 and 572.
143
Calculate the highest common divisor of 344549 and 435.
29
Calculate the highest common divisor of 1530 and 4860.
90
What is the greatest common divisor of 130 and 617786?
26
Calculate the greatest common divisor of 37827 and 135.
27
Calculate the highest common divisor of 87720 and 1156.
68
What is the greatest common divisor of 126017 and 23?
23
Calculate the greatest common factor of 15748 and 3683.
127
What is the greatest common factor of 1464 and 408?
24
Calculate the highest common factor of 25 and 5344525.
25
What is the greatest common divisor of 1149 and 314443?
383
Calculate the greatest common divisor of 150 and 1683750.
150
What is the greatest common factor of 61753 and 74?
37
What is the greatest common factor of 2712 and 273008?
904
What is the highest common divisor of 190120 and 388?
388
Calculate the highest 